mainder when 35410092 is divided by 159.
156
Calculate the remainder when 538442 is divided by 836.
58
Calculate the remainder when 1404963 is divided by 468090.
693
What is the remainder when 66637 is divided by 89?
65
Calculate the remainder when 35872115 is divided by 862.
847
What is the remainder when 2673652 is divided by 4951?
112
What is the remainder when 13154784 is divided by 3715?
3684
Calculate the remainder when 30265702 is divided by 118689.
7
What is the remainder when 72266166 is divided by 2025?
2016
What is the remainder when 657956 is divided by 65?
26
What is the remainder when 93270 is divided by 11861?
10243
What is the remainder when 46081 is divided by 2074?
453
What is the remainder when 76214264 is divided by 15497?
18
What is the remainder when 117174 is divided by 28?
22
Calculate the remainder when 262029 is divided by 32736.
141
Calculate the remainder when 131490 is divided by 3231.
2250
Calculate the remainder when 31352884 is divided by 26.
4
What is the remainder when 1540184 is divided by 156?
152
Calculate the remainder when 32574 is divided by 2890.
784
Calculate the remainder when 229128664 is divided by 13.
11
What is the remainder when 22772028 is divided by 488?
484
What is the remainder when 735999 is divided by 123?
90
Calculate the remainder when 502399 is divided by 4118.
3
What is the remainder when 1428532 is divided by 4?
0
What is the remainder when 445668 is divided by 881?
763
What is the remainder when 2698588 is divided by 339?
148
What is the remainder when 23085279 is divided by 125?
29
What is the remainder when 343921683 is divided by 3751?
3746
What is the remainder when 15090 is divided by 1229?
342
Calculate the remainder when 23776996 is divided by 325.
321
Calculate the remainder when 3596577 is divided by 1131.
1128
What is the remainder when 18323465 is divided by 1727?
1722
Calculate the remainder when 2591420 is divided by 2591407.
13
What is the remainder when 1252709 is divided by 51?
47
What is the remainder when 3207497 is divided by 3926?
3881
What is the remainder when 73442925 is divided by 1559?
1553
What is the remainder when 22762285 is divided by 293?
287
What is the remainder when 21548 is divided by 130?
98
Calculate the remainder when 25734 is divided by 456.
198
What is the remainder when 353260 is divided by 1235?
50
Calculate the remainder when 881084709 is divided by 41.
39
Calculate the remainder when 21309091 is divided by 49.
20
Calculate the remainder when 11702520 is divided by 342.
306
Calculate the remainder when 3992491 is divided by 47528.
139
Calculate the remainder when 15667895 is divided by 41.
32
Calculate the remainder when 89940 is divided by 966.
102
What is the remainder when 647740 is divided by 301?
289
Calculate the remainder when 2948305 is divided by 2397.
2392
What is the remainder when 14059129 is divided by 448?
441
What is the remainder when 28684712 is divided by 2868469?
22
Calculate the remainder when 2149734 is divided by 12.
6
What is the remainder when 72872999 is divided by 746?
735
Calculate the remainder when 607538 is divided by 11046.
8
What is the remainder when 1387390 is divided by 231221?
64
Calculate the remainder when 59059 is divided by 1972.
1871
What is the remainder when 266154854 is divided by 979?
977
What is the remainder when 48638 is divided by 33?
29
Calculate the remainder when 5038069 is divided by 219046.
11
What is the remainder when 109844279 is divided by 3640?
3639
Calculate the remainder when 8147111 is divided by 4073516.
79
Calculate the remainder when 188877 is divided by 65.
52
What is the remainder when 144990620 is divided by 5576562?
8
Calculate the remainder when 2263671 is divided by 154.
25
Calculate the remainder when 41243 is divided by 4552.
275
Calculate the remainder when 702534 is divided by 63735.
1449
What is the remainder when 17163713 is divided by 3432737?
28
What is the remainder when 56737 is divided by 28313?
111
Calculate the remainder when 378515833 is divided by 766.
763
What is the remainder when 78570 is divided by 1172?
46
What is the remainder when 658827 is divided by 927?
657
What is the remainder when 688677448 is divided by 15?
13
Calculate the remainder when 1073514 is divided by 75.
39
What is the remainder when 719190 is divided by 3100?
3090
Calculate the remainder when 286539 is divided by 15901.
321
What is the remainder when 19661278 is divided by 4771?
4758
Calculate the remainder when 29576986 is divided by 46214.
26
What is the remainder when 350918 is divided by 3654?
134
What is the remainder when 2117612 is divided by 190?
62
What is the remainder when 3791996 is divided by 11?
10
What is the remainder when 8688 is divided by 4276?
136
What is the remainder when 34013 is divided by 221?
200
Calculate the remainder when 7540109 is divided by 1004.
69
Calculate the remainder when 119357 is divided by 119211.
146
Calculate the remainder when 24995 is divided by 95.
10
Calculate the remainder when 195491 is divided by 8475.
566
Calculate the remainder when 5158062 is divided by 595.
7
What is the remainder when 303826 is divided by 99024?
6754
Calculate the remainder when 162859 is divided by 10169.
155
Calculate the remainder when 108784823 is divided by 24.
23
What is the remainder when 3736367 is divided by 16606?
17
What is the remainder when 39978 is divided by 13274?
156
Calculate the remainder when 154525311 is divided by 35.
31
What is the remainder when 61107068 is divided by 3?
2
What is the remainder when 35565916 is divided by 4533?
4531
What is the remainder when 175126 is divided by 34999?
131
What is the remainder when 24602879 is divided by 2580?
2579
Calculate the remainder when 1530848 is divided by 9571.
9059
What is the remainder when 305745 is divided by 25217?
3141
What is the remainder when 25772119 is divided by 883?
881
Calculate the remainder when 122468455 is divided by 4979.
4971
Calculate the remainder when 68877 is divided by 301.
249
What is the remainder when 12738204 is divided by 186?
180
What is the remainder when 1678609 is divided by 1164?
121
What is the remainder when 940592 is divided by 481?
237
Calculate the remainder when 3905203 is divided by 74.
1
What is the remainder when 33727893 is divided by 1366?
1353
What is the remainder when 19075827 is divided by 10?
7
What is the remainder when 858254 is divided by 138?
32
Calculate the remainder when 2323074 is divided by 188.
146
Calculate the remainder when 49490455 is divided by 61.
57
What is the remainder when 943014 is divided by 390?
384
What is the remainder when 11433999 is divided by 5521?
8
Calculate the remainder when 17263874 is divided by 33.
23
What is the remainder when 245347 is divided by 76?
19
Calculate the remainder when 17444144 is divided by 7568.
7472
Calculate the remainder when 1470441135 is divided by 1158.
1155
Calculate the remainder when 305034428 is divided by 8065.
8063
Calculate the remainder when 445695 is divided by 1849.
86
What is the remainder when 71299897 is divided by 50?
47
Calculate the remainder when 213439 is divided by 70985.
484
What is the remainder when 11034284 is divided by 979?
954
Calculate the remainder when 18257678 is divided by 32031.
8
Calculate the remainder when 11092344 is divided by 92.
88
What is the remainder when 278883 is divided by 544?
355
Calculate the remainder when 2431088 is divided by 1454.
0
Calculate the remainder when 408208 is divided by 3882.
598
What is the remainder when 6193605 is divided by 67?
58
Calculate the remainder when 8361072 is divided by 760081.
181
Calculate the remainder when 61218455 is divided by 1796.
1795
What is the remainder when 30875393 is divided by 183?
182
Calculate the remainder when 2799797 is divided by 466629.
23
What is the remainder when 8495164 is divided by 1936?
1932
Calculate the remainder when 1108242081 is divided by 18635.
18631
Calculate the remainder when 36697148 is divided by 70.
68
What is the remainder when 9551276 is divided by 27?
26
Calculate the remainder when 1006387 is divided by 680.
667
Calculate the remainder when 9718865 is divided by 3171.
2921
Calculate the remainder when 3529 is divided by 1746.
37
Calculate the remainder when 